{"id":48,"date":"2021-06-03T22:46:25","date_gmt":"2021-06-03T20:46:25","guid":{"rendered":"http:\/\/arndt-betriebssicherheit.de\/wp_2016-06\/?page_id=48"},"modified":"2021-07-12T19:27:47","modified_gmt":"2021-07-12T17:27:47","slug":"ueber-mich","status":"publish","type":"page","link":"https:\/\/arndt-betriebssicherheit.de\/?page_id=48","title":{"rendered":"\u00dcBER MICH"},"content":{"rendered":"\n<p>Manfred Arndt, Jahrgang 1966, hat als Gepr\u00fcfter Technischer Betriebswirt (IHK) das junge Unternehmen [Manfred Arndt | Brandschutz und UVV-Untersuchungen] gegr\u00fcndet. Feuerwehr- und Arbeitsschutzthemen zogen sich wie ein roter Faden durch sein Leben: Angefangen mit dem Zivildienst auf der hauptamtlichen Feuer- und Rettungswache Porta Westfalica, der Ausbildung zum Rettungssanit\u00e4ter, sp\u00e4ter betraut mit den Aufgaben Betriebssanit\u00e4ter, Betriebsfeuerwehrmann und Sicherheitsbeauftragter in einem mittelst\u00e4ndischen Industrieunternehmen. \u00dcber viele Jahre brachte er sich aktiv in Arbeitssicherheitsausschuss und Betriebsrat ein. Das Zusammenwirken der verantwortlichen Gremien Gesch\u00e4ftsf\u00fchrung, Betriebsrat, Betriebsarzt und Fachkraft f\u00fcr Arbeitssicherheit ist ihm sehr vertraut. Als F\u00fchrungskraft wurde ihm die Arbeitssicherheitsverantwortung des Unternehmers f\u00fcr seinen Verantwortungsbereich \u00fcbertragen. Regelm\u00e4\u00dfige Mitarbeiterunterweisungen, Betriebsbegehungen, die Verwaltung der Pr\u00fcfnachweisdokumentation f\u00fcr verschiedenste Arbeitsmittel geh\u00f6rten zum beruflichen Alltag. Mehr als 25 Jahre Berufserfahrung sind eine gute Basis f\u00fcr die Selbstst\u00e4ndigkeit: Ihre Verantwortung als Unternehmer ist ihm aus eigener Erfahrung bekannt.<\/p>\n\n\n\n<p>Als bef\u00e4higte Person gem\u00e4\u00df TRBS 1203 hat Manfred Arndt die erforderliche Sach- und Fachkunde in verschiedenen Bereichen nachgewiesen. Als Vertragspartner der Gesellschaft zur Technischen \u00dcberwachung (GT\u00dc) verf\u00fcgt er \u00fcber eine solide Ausbildung im UVV-Untersuchungsbereich. Die Bef\u00e4higungen im Brand- und Explosionsschutz wurden im Tyco-Konzern, bei der Dekra und dem T\u00dcV erworben.<\/p>\n\n\n\n<p>Neben der freiberuflichen T\u00e4tigkeit betreute Manfred hauptamtlich den Bereich Erste-Hilfe und Notfallausbildung einer Kreisverwaltung in einer gro\u00dfen Hilfsorganisation. W\u00e4hrend dieser Zeit wurde der Unternehmensbereich Erste-Hilfe unter dem Namen &#8222;Arndt | Basic-Life-Support&#8220; mit der &#8222;BLS-Academy&#8220; aufgebaut. Ehrenamtliches Engagement zeigt er&nbsp;in der Notfallseelsorge der Evangelischen Kirche zu Westfalen und im ASB-OWL. <\/p>\n\n\n\n<div class=\"wp-block-image\"><figure class=\"aligncenter size-large\"><img decoding=\"async\" src=\"http:\/\/arndt-betriebssicherheit.de\/wp-content\/uploads\/2021\/06\/wp-image-19-1024x614.png\" alt=\"\" class=\"wp-image-49\"\/><\/figure><\/div>\n\n\n\n<p><\/p>\n","protected":false},"excerpt":{"rendered":"<p>Manfred Arndt, Jahrgang 1966, hat als Gepr\u00fcfter Technischer Betriebswirt (IHK) das junge Unternehmen [Manfred Arndt | Brandschutz und UVV-Untersuchungen] gegr\u00fcndet. Feuerwehr- und Arbeitsschutzthemen zogen sich wie ein roter Faden durch sein Leben: Angefangen mit dem Zivildienst auf der hauptamtlichen Feuer-<\/p>\n","protected":false},"author":1,"featured_media":0,"parent":5,"menu_order":9,"comment_status":"closed","ping_status":"closed","template":"","meta":{"_regular_price":[],"currency_symbol":[],"footnotes":""},"post_slider_layout_featured_media_urls":{"thumbnail":"","post_slider_layout_landscape_large":"","post_slider_layout_portrait_large":"","post_slider_layout_square_large":"","post_slider_layout_landscape":"","post_slider_layout_portrait":"","post_slider_layout_square":"","full":""},"_links":{"self":[{"href":"https:\/\/arndt-betriebssicherheit.de\/index.php?rest_route=\/wp\/v2\/pages\/48"}],"collection":[{"href":"https:\/\/arndt-betriebssicherheit.de\/index.php?rest_route=\/wp\/v2\/pages"}],"about":[{"href":"https:\/\/arndt-betriebssicherheit.de\/index.php?rest_route=\/wp\/v2\/types\/page"}],"author":[{"embeddable":true,"href":"https:\/\/arndt-betriebssicherheit.de\/index.php?rest_route=\/wp\/v2\/users\/1"}],"replies":[{"embeddable":true,"href":"https:\/\/arndt-betriebssicherheit.de\/index.php?rest_route=%2Fwp%2Fv2%2Fcomments&post=48"}],"version-history":[{"count":4,"href":"https:\/\/arndt-betriebssicherheit.de\/index.php?rest_route=\/wp\/v2\/pages\/48\/revisions"}],"predecessor-version":[{"id":269,"href":"https:\/\/arndt-betriebssicherheit.de\/index.php?rest_route=\/wp\/v2\/pages\/48\/revisions\/269"}],"up":[{"embeddable":true,"href":"https:\/\/arndt-betriebssicherheit.de\/index.php?rest_route=\/wp\/v2\/pages\/5"}],"wp:attachment":[{"href":"https:\/\/arndt-betriebssicherheit.de\/index.php?rest_route=%2Fwp%2Fv2%2Fmedia&parent=48"}],"curies":[{"name":"wp","href":"https:\/\/api.w.org\/{rel}","templated":true}]}}

ÜBER MICH

<p>Manfred Arndt, Jahrgang 1966, hat als Geprüfter Technischer Betriebswirt (IHK) das junge Unternehmen [Manfred Arndt | Brandschutz und UVV-Untersuchungen] gegründet. Feuerwehr- und Arbeitsschutzthemen zogen sich wie ein roter Faden durch sein Leben: Angefangen mit dem Zivildienst auf der hauptamtlichen Feuer- und Rettungswache Porta Westfalica, der Ausbildung zum Rettungssanitäter, später betraut mit den Aufgaben Betriebssanitäter, Betriebsfeuerwehrmann und Sicherheitsbeauftragter in einem mittelständischen Industrieunternehmen. Über viele Jahre brachte er sich aktiv in Arbeitssicherheitsausschuss und Betriebsrat ein. Das Zusammenwirken der verantwortlichen Gremien Geschäftsführung, Betriebsrat, Betriebsarzt und Fachkraft für Arbeitssicherheit ist ihm sehr vertraut. Als Führungskraft wurde ihm die Arbeitssicherheitsverantwortung des Unternehmers für seinen Verantwortungsbereich übertragen. Regelmäßige Mitarbeiterunterweisungen, Betriebsbegehungen, die Verwaltung der Prüfnachweisdokumentation für verschiedenste Arbeitsmittel gehörten zum beruflichen Alltag. Mehr als 25 Jahre Berufserfahrung sind eine gute Basis für die Selbstständigkeit: Ihre Verantwortung als Unternehmer ist ihm aus eigener Erfahrung bekannt.</p>



<p>Als befähigte Person gemäß TRBS 1203 hat Manfred Arndt die erforderliche Sach- und Fachkunde in verschiedenen Bereichen nachgewiesen. Als Vertragspartner der Gesellschaft zur Technischen Überwachung (GTÜ) verfügt er über eine solide Ausbildung im UVV-Untersuchungsbereich. Die Befähigungen im Brand- und Explosionsschutz wurden im Tyco-Konzern, bei der Dekra und dem TÜV erworben.</p>



<p>Neben der freiberuflichen Tätigkeit betreute Manfred hauptamtlich den Bereich Erste-Hilfe und Notfallausbildung einer Kreisverwaltung in einer großen Hilfsorganisation. Während dieser Zeit wurde der Unternehmensbereich Erste-Hilfe unter dem Namen &#8222;Arndt | Basic-Life-Support&#8220; mit der &#8222;BLS-Academy&#8220; aufgebaut. Ehrenamtliches Engagement zeigt er&nbsp;in der Notfallseelsorge der Evangelischen Kirche zu Westfalen und im ASB-OWL. </p>



<div class="wp-block-image"><figure class="aligncenter size-large"><img decoding="async" src="http://arndt-betriebssicherheit.de/wp-content/uploads/2021/06/wp-image-19-1024x614.png" alt="" class="wp-image-49"/></figure></div>



<p></p>

<p>Manfred Arndt, Jahrgang 1966, hat als Geprüfter Technischer Betriebswirt (IHK) das junge Unternehmen [Manfred Arndt | Brandschutz und UVV-Untersuchungen] gegründet. Feuerwehr- und Arbeitsschutzthemen zogen sich wie ein roter Faden durch sein Leben: Angefangen mit dem Zivildienst auf der hauptamtlichen Feuer-</p>
